sor of 5206 and 121382?
274
Calculate the highest common factor of 108249990 and 1788.
894
Calculate the greatest common divisor of 99794 and 6759218.
2434
What is the greatest common factor of 208334 and 106498?
14
What is the highest common factor of 3686601 and 7383?
69
Calculate the greatest common divisor of 763384 and 5627378.
5158
Calculate the greatest common divisor of 156153024 and 51.
51
Calculate the greatest common factor of 492 and 1800676.
4
What is the greatest common factor of 129471 and 13390?
103
Calculate the greatest common factor of 2875 and 253375.
125
Calculate the highest common divisor of 392 and 15086008.
56
Calculate the greatest common factor of 4 and 228244684.
4
Calculate the greatest common factor of 3562 and 8668127.
1781
What is the highest common divisor of 1442320 and 4180?
220
Calculate the highest common factor of 14 and 35660478.
14
Calculate the greatest common divisor of 391 and 21425389.
17
What is the greatest common factor of 427995 and 990?
45
What is the greatest common divisor of 5500817 and 17437?
371
What is the highest common factor of 18741861 and 141?
141
Calculate the greatest common factor of 754677 and 157179.
363
What is the highest common divisor of 13810326 and 48?
6
What is the greatest common factor of 292 and 6631028?
292
What is the greatest common factor of 1400 and 32473?
7
What is the greatest common factor of 54 and 9788778?
18
What is the highest common factor of 34475880 and 912?
456
Calculate the greatest common divisor of 32685 and 82326978.
6537
Calculate the highest common divisor of 4064 and 25495504.
2032
What is the highest common factor of 3231 and 25465665?
1077
What is the greatest common divisor of 31023 and 143883?
27
Calculate the highest common factor of 928 and 9305280.
32
Calculate the highest common factor of 17739 and 617482764.
5913
Calculate the greatest common factor of 1135 and 10466743.
227
What is the highest common divisor of 1940 and 170900?
20
Calculate the greatest common divisor of 1559613 and 675521.
3113
What is the greatest common factor of 63339474 and 30?
6
What is the highest common factor of 250674025 and 105?
35
Calculate the highest common divisor of 97 and 574266578.
97
What is the highest common divisor of 75 and 18350125?
25
Calculate the greatest common divisor of 696318 and 70.
14
What is the greatest common divisor of 866765648 and 56?
56
Calculate the greatest common factor of 382 and 39479509.
191
Calculate the greatest common divisor of 69 and 47518851.
69
What is the greatest common factor of 10712 and 2907896?
824
What is the highest common divisor of 198441 and 7548?
51
What is the highest common divisor of 13765172 and 3196?
3196
What is the highest common factor of 1552831 and 3451?
119
Calculate the highest common divisor of 1233 and 7941342.
411
What is the highest common factor of 923933 and 90628?
139
Calculate the greatest common divisor of 338 and 9244859.
13
What is the greatest common factor of 3675392208 and 3792?
3792
Calculate the highest common factor of 9944352 and 308.
44
Calculate the greatest common divisor of 390 and 11589180.
30
Calculate the greatest common divisor of 20203088 and 112.
16
What is the highest common divisor of 7573545 and 280?
35
Calculate the highest common factor of 49300110 and 108.
54
Calculate the greatest common factor of 719 and 456715271.
719
What is the highest common divisor of 296552636 and 5272?
2636
What is the highest common divisor of 74 and 466216613?
37
Calculate the greatest common factor of 168424995 and 15.
15
What is the highest common factor of 24645995 and 5?
5
Calculate the highest common divisor of 60 and 2790345.
15
What is the highest common factor of 546 and 812682?
78
Calculate the highest common factor of 50823486 and 22736.
2842
What is the highest common factor of 372 and 436821930?
186
Calculate the highest common divisor of 372 and 61255008.
372
What is the highest common factor of 2128580 and 37630?
710
Calculate the greatest common factor of 165606 and 23188783.
3943
What is the highest common factor of 12967963 and 771?
257
Calculate the highest common divisor of 38 and 42160126.
38
Calculate the highest common divisor of 148550904 and 115302.
10482
What is the greatest common factor of 75591312 and 120?
24
What is the greatest common factor of 19201693 and 301?
301
What is the greatest common divisor of 430 and 1479608930?
430
Calculate the highest common factor of 527 and 91783.
17
Calculate the highest common divisor of 96316 and 6215.
11
Calculate the greatest common divisor of 804336 and 3120.
624
What is the greatest common divisor of 2019 and 5277?
3
What is the highest common factor of 35400 and 16882968?
1416
What is the greatest common factor of 238 and 197092866?
34
What is the greatest common divisor of 6248052 and 30732?
2364
Calculate the greatest common divisor of 8823 and 59001996.
519
What is the highest common factor of 260916 and 116076?
204
Calculate the greatest common factor of 61692 and 139680.
1164
What is the highest common divisor of 11 and 2197555107?
11
What is the highest common divisor of 5369 and 9192141?
413
Calculate the greatest common divisor of 55822 and 2647840.
494
Calculate the greatest common factor of 24768416 and 227882.
7858
What is the highest common divisor of 22103 and 23?
23
Calculate the greatest common factor of 11749 and 1769172.
379
What is the greatest common factor of 2197404 and 1074?
1074
Calculate the highest common factor of 19665 and 14467455.
855
Calculate the greatest common divisor of 582610 and 33712.
98
Calculate the highest common divisor of 3965615228 and 1156.
1156
What is the greatest common factor of 4000 and 116512?
32
Calculate the highest common factor of 8636 and 8461444.
68
Calculate the highest common factor of 34335 and 632169153.
6867
What is the greatest common factor of 38433 and 2875234?
557
Calculate the highest common factor of 8541 and 70605819.
657
Calculate the greatest common divisor of 22173 and 4085.
19
What is the highest common divisor of 77351139 and 391?
391
What is the highest common factor of 2161763 and 437?
19
What is the greatest common factor of 2830 and 6167985?
1415
What is the highest common factor of 100870 and 80022922?
1834
What is the greatest common factor of 27 and 55530063?
27
What is the greatest common divisor of 51390 and 2268?
18
What is the greatest common divisor of 20160 and 1662528?
1344
Calculate the highest common factor of 6936 and 80135076.
3468
Calculate the greatest common divisor of 744 and 94640.
8
What is the greatest common divisor of 5988 and 49132538?
998
Calculate the highest common factor of 289 and 8561302.
17
What is the highest common factor of 84 and 219809324?
28
Calculate the highest common factor of 1118 and 1421030.
26
What is the greatest common divisor of 17543 and 298708?
53
What is the greatest common factor of 372864 and 458112?
384
Calculate the greatest common divisor of 2235021 and 4491.
1497
Calculate the greatest common factor of 12642 and 663018.
6
Calculate the greatest common factor of 1440 and 715216.
16
What is the greatest common divisor of 181900944 and 21?
3
Calculate the highest common factor of 3160 and 1796384.
8
Calculate the highest common divisor of 3708 and 56076.
12
Calculate the greatest common factor of 2189 and 4572821.
2189
What is the greatest common divisor of 334 and 142608314?
334
Calculate the highest common factor of 1536567 and 668.
167
Calculate the greatest common divisor of 5523 and 121674.
21
What is the greatest common divisor of 139460 and 476482?
38
Calculate the greatest common factor of 1801 and 106275209.
1801
Calculate the greatest common factor of 337 and 169968983.
337
Calculate the highest common factor of 179 and 505918619.
179
What is the highest common factor of 170912 and 865088?
224
Calculate the highest common divisor of 5568 and 9976416.
96
Calculate the highest common divisor of 1308914 and 178654.
3646
Calculate the greatest common factor of 2284 and 2200063.
571
Calculate the greatest common divisor of 7489723 and 66088.
751
Calculate the highest common factor of 64 and 165975808.
64
Calculate the highest common divisor of 624 and 5791344.
624
What is the 